10. Let d be o(q). What is the greatest common divisor of 2 and d?
2
Let m be (-70)/(-2) + (-10 - -7). Calculate the greatest common factor of m and 4.
4
Let p = -5 - -2. Let j(c) = 2*c**2 + 3*c + 4. Let i be j(p). Let w = 22 + -9. What is the greatest common factor of w and i?
13
Let m(u) = 2*u**2 + 7*u - 10. Let v be m(-6). Calculate the highest common divisor of 100 and v.
20
Let o(t) = -3*t**3 - 5*t**2 - 6*t - 9. Let w be o(-4). Let q = w - 91. Calculate the highest common divisor of q and 12.
12
Let a be (-4)/(-6) + (-170)/(-6). Let y(c) = 3*c**2 - 16*c + 16. Let h be y(11). Calculate the highest common divisor of a and h.
29
Let j = 18 - 39. Let p = j - -51. Calculate the highest common factor of p and 75.
15
Suppose -2*w - 9 = -21. Let d = w + -2. Suppose 599 + 17 = d*z. What is the greatest common factor of z and 14?
14
Suppose 3*x - 24 = x. Suppose a = -a + 6. Suppose -a*l - 2*w + 296 = 0, 0*l + 2*l = 3*w + 180. Calculate the highest common factor of l and x.
12
Suppose -5*r - 2*p + 53 = 0, 0 = -r + 2*p - 8 + 21. Let x(n) = -4*n - 5. Let g be x(-4). What is the highest common factor of r and g?
11
Let y be ((-5)/(-2))/((-3)/(-30)). Suppose 0 = g - 5 + 6. Let v be 3/g*(-80)/24. What is the highest common factor of y and v?
5
Suppose 3*o - 396 = -0*o. Calculate the highest common factor of o and 88.
44
Let m = -20 + 36. Suppose 3*s = -s - m, 0 = -2*y + 2*s + 60. Let p be y + 1/(1 - 2). What is the highest common divisor of 5 and p?
5
Let m(a) = -a**2 + 12*a + 9. Let s be m(12). What is the greatest common divisor of 1 and s?
1
Let i be (-3 + 2 + -3)*-22. Calculate the highest common divisor of 22 and i.
22
Let m = -11 + 30. Suppose 0 = k - 2*f - 32 - 2, -5*f = -k + 34. Let i = -15 + k. Calculate the greatest common divisor of m and i.
19
Suppose 5*n = 5*z - 4 - 11, 5*z + 2*n = 29. Suppose 2*a - z*a = -297. Calculate the greatest common factor of a and 11.
11
Let u = 31 - 4. Calculate the greatest common divisor of u and 189.
27
Let u(k) = 6*k - 54. Let t be u(12). Calculate the highest common factor of 198 and t.
18
Suppose -4*d + 7*d = -9. Let m(g) be the second derivative of -5*g**3/2 - 3*g**2/2 - g. Let w be m(d). What is the highest common divisor of 28 and w?
14
Suppose 5*w - 4*k - 188 = -0, 3*k = 2*w - 78. Let p be 25 + (-1)/(-1) - 2. What is the greatest common divisor of p and w?
12
Let s(v) = -2*v**2 - 2*v - 5. Let g be s(-5). Let u = g + 117. Suppose -5*b - 17 = -62. What is the greatest common factor of b and u?
9
Suppose 0 = -5*y - 3 - 2. Let l = 13 - y. Calculate the greatest common divisor of 42 and l.
14
Let t = -38 + 63. What is the greatest common factor of 15 and t?
5
Suppose -3*c + 101 = 2. Suppose 3*p - c = 3*u, -5*u - 25 = -10*u. Let i = -7 + p. Calculate the highest common factor of 36 and i.
9
Let c be 1/(-4) + 146/8. Let z be 2/(-9) + 44/36. Let b be 36/2*(z - 0). What is the greatest common factor of c and b?
18
Let r be (2/4)/((-3)/12). Let d be 3 + r - 3 - -17. Calculate the highest common factor of d and 60.
15
Suppose 0*a - 11 = -2*j - a, -2*j - 5*a = -23. Let i be (7/(-3))/(j/12). Let u be 66/14 - 2/i. What is the greatest common divisor of 20 and u?
5
Suppose -62 = -4*i - 4*j + 38, 19 = i - 5*j. Let k be 10/45 - 1076/(-18). Calculate the greatest common factor of i and k.
12
Let r be 5/3 + (-2)/(-6). Let z be -19*(1 - 3)/r. Let b = z - 3. Calculate the greatest common divisor of 112 and b.
16
Suppose d - l = -3, -2*d - 3*l - 17 - 4 = 0. Let c be (-56)/(-6)*(-9)/d. Calculate the greatest common factor of c and 70.
14
Let u(y) = 4*y**2 - y - 2. Let v be u(2). Let h(n) = 18*n + 6. Let k be h(5). What is the highest common divisor of v and k?
12
Suppose 6*o - 4 = 176. Calculate the greatest common factor of o and 6.
6
Let s be (-1)/(17/18 + -3 - -2). What is the greatest common factor of s and 18?
18
Let l be 1/(-1)*(2 - 6). Suppose 4*d = l*f + 140, 4*f + 0*d - 5*d + 138 = 0. Let m = -15 - f. Calculate the highest common factor of 2 and m.
2
Let m be -2 + 111 + -2 + -2. Calculate the greatest common factor of m and 15.
15
Suppose -3*m = -5*s + 14, 4*m + s + 2 = -55. Let o = m + 27. Calculate the greatest common divisor of o and 140.
14
Suppose 4*g - 2*y - 3 + 11 = 0, 2*g - 2*y = -8. Suppose g*k + 176 = 4*k. What is the highest common divisor of 11 and k?
11
Let x(k) = -2*k - 13. Let l be x(-11). Calculate the highest common divisor of 27 and l.
9
Let q(t) = t**2 - 10*t + 11. Let r = -18 - -27. Let l be q(r). Calculate the greatest common divisor of l and 1.
1
Suppose -6*w = -10*w + 56. Suppose -3*i = -4*q + w, -3*q - 3 = -4*i - 2*q. Let a be i/(-9) + (-238)/(-18). What is the greatest common divisor of a and 91?
13
Let p(n) = -n**2 - 21*n - 2. Let r be p(-19). What is the greatest common divisor of 4 and r?
4
Suppose 0 = 5*o + 5*n - 215, 2*o = 5*o + 4*n - 132. What is the greatest common divisor of 10 and o?
10
Suppose 4*r + 60 = k, r - 31 = -k + 29. Suppose -4*y - k = -9*y. Suppose 0*v + y = 4*v. Calculate the greatest common divisor of v and 12.
3
Suppose 3*g = 6*g - 2*n + 15, 2*g + 2*n = 0. Let j be 2/(g/(1*-21)). What is the greatest common factor of j and 14?
14
Let s(c) = 4*c - 6. Let d be s(6). What is the greatest common factor of 36 and d?
18
Suppose 12 = -2*d - 4*a, 5*a + 2 = -d - 7. Let t be (16/(-5))/(d/20). Let m = 6 - 4. Calculate the greatest common factor of t and m.
2
Suppose -g = 4 - 94. Calculate the greatest common factor of 18 and g.
18
Let u be (-4 + (-51 - -1))/(-2). Calculate the highest common factor of u and 189.
27
Suppose -4*x + 0*b = 4*b - 200, -5*x = -b - 226. What is the greatest common divisor of 46 and x?
46
Let n be 1/5 - 11/5. Let h be 78 + (6/n - -2). Calculate the greatest common factor of h and 11.
11
Suppose 6*n = 54 + 108. Calculate the highest common divisor of 3 and n.
3
Let x(g) = 3*g**2 - 2*g. Let c be x(3). What is the greatest common divisor of 7 and c?
7
Let g = 35 + 14. What is the greatest common factor of g and 14?
7
Let o(a) = -29*a**3 + a**2. Let q be o(-1). Suppose 0 = r - 1 - 2. Suppose 0*g - 60 = -r*g. Calculate the highest common divisor of g and q.
10
Suppose -6*a + 4*a + 36 = 0. Calculate the greatest common factor of a and 180.
18
Let x be -2 - 6/(4 + -6). What is the greatest common factor of x and 1?
1
Let j be (-2)/(-12) - (-260)/24. Calculate the greatest common factor of j and 121.
11
Suppose 2*o - 46 = -5*r, r + o - 2*o = 5. What is the highest common divisor of r and 48?
8
Suppose r + r = 102. Suppose j - 4*j = -r. What is the highest common divisor of 85 and j?
17
Let k(a) be the second derivative of a**5/20 + 7*a**4/12 + a**3/2 - a**2/2 + 7*a. Let v be k(-3). What is the highest common divisor of v and 78?
26
Let j = -151 - -415. What is the highest common factor of 24 and j?
24
Let g be (1/2)/(1/1142). Suppose -g = -4*n - 11. What is the greatest common factor of 28 and n?
28
Let f(x) = -x + 21. Let i be f(11). What is the greatest common divisor of 80 and i?
10
Let j be 1/((-3)/2 + 2). Suppose -j*m = 3*m - 10. Let g be ((-3)/(-9))/(m/126). What is the greatest common factor of g and 3?
3
Let p(z) = -z**2 - 7*z + 10. Let k be p(-8). Suppose 5*s - 11 - 5 = -k*u, -3*s + 6 = 3*u. Let t be (2*5)/(4/s). Calculate the highest common factor of t and 40.
10
Let n be 3/2 + (-5)/10. Let q be (3 - 2) + 143/n. Suppose 2*y = 4*y - q. What is the greatest common factor of 9 and y?
9
Let t be 2/8 - 86/(-8). Let v = 59 - -40. What is the highest common factor of t and v?
11
Let h(p) = -p**2 - 18*p + 8. Let l be h(-8). Suppose v = -6*z + 3*z + 90, -v = 4*z - l. Calculate the highest common divisor of 12 and v.
12
Let d(o) = -1. Let r(b) = 12*b - 3. Let f(k) = 4*d(k) + r(k). Let y be f(-6). Let n = y - -115. Calculate the greatest common factor of 4 and n.
4
Let w be (-1)/(-4 + 78/20). What is the highest common factor of w and 2?
2
Let j = 625 - 365. Let p = j + -140. What is the highest common factor of p and 15?
15
Let x = 10 - 2. Calculate the highest common divisor of x and 24.
8
Let t = 10 - -10. Calculate the greatest common factor of t and 180.
20
Suppose 0 = -3*i - 5*p + 18, 0 = 3*i + 2*i + 2*p - 30. Let k be (-6)/(-4) - i/(-12). What is the highest common factor of 6 and k?
2
Let i be (-2 - -1)/(1 + -2). Let g = -1 - -6. What is the highest comm